 prime factors of 3262836.
2, 3, 271903
What are the prime factors of 917979?
3, 157, 1949
List the prime factors of 469390.
2, 5, 73, 643
List the prime factors of 16731.
3, 11, 13
What are the prime factors of 11521202?
2, 7, 11, 79, 947
What are the prime factors of 19017978?
2, 3, 7, 9241
List the prime factors of 1003341.
3, 334447
What are the prime factors of 3504793?
3504793
List the prime factors of 217965.
3, 5, 11, 1321
List the prime factors of 13815876.
2, 3, 149, 7727
What are the prime factors of 11027577?
3, 11, 17, 1787
What are the prime factors of 4263460?
2, 5, 213173
What are the prime factors of 443058?
2, 3, 7, 11, 137
List the prime factors of 168384.
2, 3, 877
List the prime factors of 2246248.
2, 59, 4759
What are the prime factors of 662465?
5, 47, 2819
List the prime factors of 1558932.
2, 3, 163, 797
List the prime factors of 187464.
2, 3, 73, 107
List the prime factors of 14552089.
41, 71, 4999
What are the prime factors of 2469235?
5, 353, 1399
List the prime factors of 913991.
13, 167, 421
List the prime factors of 8469951.
3, 7, 403331
What are the prime factors of 5609166?
2, 3, 934861
What are the prime factors of 9521157?
3, 1091, 2909
What are the prime factors of 2944053?
3, 7, 37, 421
What are the prime factors of 315414?
2, 3, 11, 59
What are the prime factors of 397769?
311, 1279
What are the prime factors of 211862?
2, 7, 37, 409
List the prime factors of 625229.
11, 113, 503
What are the prime factors of 161209?
37, 4357
List the prime factors of 1506950.
2, 5, 30139
What are the prime factors of 764755?
5, 43, 3557
What are the prime factors of 8385962?
2, 13, 322537
What are the prime factors of 3390738?
2, 3, 13, 29, 1499
What are the prime factors of 22800123?
3, 47, 53, 113
What are the prime factors of 254727?
3, 11, 31, 83
List the prime factors of 415234.
2, 191, 1087
What are the prime factors of 469580?
2, 5, 53, 443
What are the prime factors of 15267434?
2, 7, 13, 149, 563
What are the prime factors of 202002?
2, 3, 131, 257
List the prime factors of 1740655.
5, 7, 41, 1213
List the prime factors of 290606.
2, 145303
List the prime factors of 10791391.
13, 479, 1733
What are the prime factors of 9627476?
2, 1373, 1753
What are the prime factors of 4062623?
4062623
What are the prime factors of 29265879?
3, 283, 34471
List the prime factors of 190283.
190283
What are the prime factors of 264164?
2, 66041
What are the prime factors of 14437614?
2, 3, 127, 18947
List the prime factors of 366931.
131, 2801
List the prime factors of 16859754.
2, 3, 151, 6203
List the prime factors of 6946043.
13, 534311
List the prime factors of 206786.
2, 103393
List the prime factors of 943874.
2, 17, 23, 71
List the prime factors of 5693722.
2, 2846861
What are the prime factors of 530308?
2, 233, 569
What are the prime factors of 1307320?
2, 5, 7, 23, 29
List the prime factors of 67667.
157, 431
What are the prime factors of 6022628?
2, 1505657
What are the prime factors of 104073?
3, 113, 307
What are the prime factors of 9755014?
2, 4877507
List the prime factors of 14811669.
3, 863, 1907
List the prime factors of 1137485.
5, 227497
What are the prime factors of 351404?
2, 59, 1489
List the prime factors of 20308510.
2, 5, 103, 19717
List the prime factors of 1471599.
3, 113, 1447
What are the prime factors of 1706935?
5, 487, 701
List the prime factors of 24279.
3, 8093
List the prime factors of 88642.
2, 23, 41, 47
What are the prime factors of 9989090?
2, 5, 998909
What are the prime factors of 4073574?
2, 3, 17, 39937
List the prime factors of 113813.
7, 71, 229
What are the prime factors of 2453490?
2, 3, 5, 13, 233
List the prime factors of 810003.
3, 270001
List the prime factors of 178454.
2, 89227
List the prime factors of 3008809.
3008809
List the prime factors of 345197.
83, 4159
What are the prime factors of 679262?
2, 339631
List the prime factors of 1636933.
23, 71171
List the prime factors of 5355733.
5355733
List the prime factors of 16908655.
5, 139, 24329
List the prime factors of 1055560.
2, 5, 11, 2399
List the prime factors of 136125.
3, 5, 11
What are the prime factors of 779910?
2, 3, 5, 25997
What are the prime factors of 4017961?
71, 56591
List the prime factors of 78833.
31, 2543
What are the prime factors of 28675?
5, 31, 37
What are the prime factors of 3449441?
3449441
What are the prime factors of 10405821?
3, 23, 239, 631
List the prime factors of 111262.
2, 55631
List the prime factors of 41907306.
2, 3, 7, 997793
What are the prime factors of 95088?
2, 3, 7, 283
List the prime factors of 2426711.
7, 31, 53, 211
List the prime factors of 1495255.
5, 97, 3083
List the prime factors of 103680.
2, 3, 5
List the prime factors of 5554615.
5, 11, 23, 4391
What are the prime factors of 1007744?
2, 7873
What are the prime factors of 5006765?
5, 1001353
List the prime factors of 382518.
2, 3, 79, 269
List the prime factors of 16822883.
7, 11, 218479
What are the prime factors of 279964?
2, 69991
What are the prime factors of 8988315?
3, 5, 7, 1747
List the prime factors of 1162881.
3, 129209
List the prime factors of 5647369.
7, 13, 229, 271
List the prime factors of 9944647.
61, 163027
List the prime factors of 236297.
236297
What are the prime factors of 8299725?
3, 5, 7, 15809
What are the prime factors of 568414?
2, 7, 11, 3691
What are the prime factors of 131481?
3, 7, 2087
List the prime factors of 6923318.
2, 17, 203627
List the prime factors of 93798.
2, 3, 193
List the prime factors of 2234406.
2, 3, 372401
What are the prime factors of 2568608?
2, 7, 11467
List the prime factors of 414962.
2, 207481
What are the prime factors of 33031175?
5, 1321247
What are the prime factors of 9852?
2, 3, 821
What are the prime factors of 3493091?
7, 569, 877
List the prime factors of 667492.
2, 7, 31, 769
What are the prime factors of 430891?
430891
List the prime factors of 3119670.
2, 3, 5, 17, 2039
List the prime factors of 293111.
7, 13, 3221
List the prime factors of 2773715.
5, 7, 19, 43, 97
List the prime factors of 469637.
7, 23, 2917
List the prime factors of 3292889.
37, 88997
What are the prime factors of 28692617?
17, 1687801
List the prime factors of 292790.
2, 5, 19, 23, 67
List the prime factors of 897729.
3, 7, 31, 197
List the prime factors of 2227998.
2, 3, 371333
What are the prime factors of 785983?
11, 71453
What are the prime factors of 12379741?
11, 1125431
What are the prime factors of 14141140?
2, 5, 13, 137, 397
What are the prime factors of 7945340?
2, 5, 13, 30559
List the prime factors of 14547231.
3, 1616359
List the prime factors of 32158179.
3, 73, 48947
List the prime factors of 1855898.
2, 11, 7669
List the prime factors of 33281932.
2, 283, 29401
What are the prime factors of 662646?
2, 3, 110441
What are the prime factors of 5052584?
2, 631573
List the prime factors of 4885527.
3, 19, 85711
List the prime factors of 219947.
7, 13, 2417
What are the prime factors of 20348981?
19, 29, 36931
What are the prime factors of 244320?
2, 3, 5, 509
What are the prime factors of 1494976?
2, 7, 47, 71
List the prime factors of 29551617.
3, 149, 22037
List the prime factors of 323874.
2, 3, 19, 947
What are the prime factors of 13731?
3, 23, 199
List the prime factors of 2721521.
11, 23, 31, 347
What are the prime factors of 15086228?
2, 19, 198503
What are the prime factors of 834917?
19, 43943
What are the prime factors of 8166096?
2, 3, 6301
List the prime factors of 451986.
2, 3, 71, 1061
List the prime factors of 8898226.
2, 4449113
List the prime factors of 60018.
2, 3, 7, 1429
What are the prime factors of 19395434?
2, 101, 96017
What are the prime factors of 84144?
2, 3, 1753
List the prime factors of 31767.
3, 10589
What are the prime factors of 2755017?
3, 443, 691
List the prime factors of 48524.
2, 7, 1733
List the prime factors of 407448.
2, 3, 5659
List the prime factors of 11386506.
2, 3, 1897751
List the prime factors of 284149.
284149
List the prime factors of 293625.
3, 5, 29
List the prime factors of 10417158.
2, 3, 17, 59, 577
List the prime factors of 656951.
656951
List the prime factors of 1446486.
2, 3, 491
What are the prime factors of 664936?
2, 83117
List the prime factors of 27373504.
2, 427711
What are the prime factors of 197349